{"id":168,"date":"2015-07-08T14:32:07","date_gmt":"2015-07-08T14:32:07","guid":{"rendered":"http:\/\/neu.civilpowker.de\/?page_id=168"},"modified":"2015-07-08T14:32:07","modified_gmt":"2015-07-08T14:32:07","slug":"friedensvermittlungen-anbieten","status":"publish","type":"page","link":"https:\/\/www.civilpowker.de\/?page_id=168","title":{"rendered":"Friedensvermittlungen anbieten"},"content":{"rendered":"<p>Kurzbeschreibung:<br \/>\nDie Opposition im Konfliktland wird als Verhandlungspartner anerkannt, Konfliktschlichtung wird angeboten. Gemeinsam mit anderen Staaten werden Friedenspl\u00e4ne entwickelt.<br \/>\nZun\u00e4chst kann die Opposition bei Verhandlungen unterst\u00fctzt werden. Dabei soll auf konsequente zivile (nicht milit\u00e4rische) Ma\u00dfnahmen zur Konfliktl\u00f6sung gedr\u00e4ngt werden. Mit der Unterst\u00fctzung der Opposition kann einhergehen, dass eventuell die eigene Rolle auf internationaler Ebene geschw\u00e4cht wird bzw. Deutschland sich von anderen L\u00e4ndern isoliert.<br \/>\nEs k\u00f6nnen dazu aber auch andere Staaten zur Einberufung einer gemeinsamen Friedenskonferenz<br \/>\naufgefordert werden. Ziel soll sein, mit Regierung (wenn m\u00f6glich) und Opposition im Konfliktland<br \/>\ngemeinsam Konzepte f\u00fcr Friedenspl\u00e4ne zu erstellen und zu verhandeln.<\/p>\n<h5>Mehr Information:<\/h5>\n<p><a href=\"http:\/\/www.auswaertiges-amt.de\/DE\/Aussenpolitik\/Friedenspolitik\/Uebersicht_node.html\">http:\/\/www.auswaertiges-amt.de\/DE\/Aussenpolitik\/Friedenspolitik\/Uebersicht_node.html<\/a><br \/>\n<a href=\"http:\/\/www.auswaertiges-amt.de\/cae\/servlet\/contentblob\/384230\/publicationFile\/4345\/Aktionsplan-De.pdf\">http:\/\/www.auswaertiges-amt.de\/cae\/servlet\/contentblob\/384230\/publicationFile\/4345\/Aktionsplan-De.pdf<\/a><br \/>\n<a href=\"http:\/\/konfliktbearbeitung.net\/sites\/default\/files\/Stellungnahme%20Zivilgesellschaft%204.Umsetzungsbericht%20Zivile%20Krisenpr%C3%A4vention.pdf\">http:\/\/konfliktbearbeitung.net\/sites\/default\/files\/Stellungnahme%20Zivilgesellschaft%204.Umsetzungsbericht%20Zivile%20Krisenpr%C3%A4vention.pdf<\/a><\/p>\n","protected":false},"excerpt":{"rendered":"<p>Kurzbeschreibung: Die Opposition im Konfliktland wird als Verhandlungspartner anerkannt, Konfliktschlichtung wird angeboten. Gemeinsam mit anderen Staaten werden Friedenspl\u00e4ne entwickelt. Zun\u00e4chst kann die Opposition bei Verhandlungen unterst\u00fctzt werden. Dabei soll auf konsequente zivile (nicht milit\u00e4rische) Ma\u00dfnahmen zur Konfliktl\u00f6sung gedr\u00e4ngt &hellip; <\/p>\n<div class=\"more-link-wrapper\"><a href=\"https:\/\/www.civilpowker.de\/?page_id=168\" class=\"more-link\">Continue reading<span class=\"screen-reader-text\"> &#8222;Friedensvermittlungen anbieten&#8220;<\/span><\/a><\/div>\n","protected":false},"author":1,"featured_media":0,"parent":87,"menu_order":0,"comment_status":"closed","ping_status":"open","template":"","meta":{"footnotes":""},"class_list":["post-168","page","type-page","status-publish","hentry"],"_links":{"self":[{"href":"https:\/\/www.civilpowker.de\/index.php?rest_route=\/wp\/v2\/pages\/168","targetHints":{"allow":["GET"]}}],"collection":[{"href":"https:\/\/www.civilpowker.de\/index.php?rest_route=\/wp\/v2\/pages"}],"about":[{"href":"https:\/\/www.civilpowker.de\/index.php?rest_route=\/wp\/v2\/types\/page"}],"author":[{"embeddable":true,"href":"https:\/\/www.civilpowker.de\/index.php?rest_route=\/wp\/v2\/users\/1"}],"replies":[{"embeddable":true,"href":"https:\/\/www.civilpowker.de\/index.php?rest_route=%2Fwp%2Fv2%2Fcomments&post=168"}],"version-history":[{"count":1,"href":"https:\/\/www.civilpowker.de\/index.php?rest_route=\/wp\/v2\/pages\/168\/revisions"}],"predecessor-version":[{"id":169,"href":"https:\/\/www.civilpowker.de\/index.php?rest_route=\/wp\/v2\/pages\/168\/revisions\/169"}],"up":[{"embeddable":true,"href":"https:\/\/www.civilpowker.de\/index.php?rest_route=\/wp\/v2\/pages\/87"}],"wp:attachment":[{"href":"https:\/\/www.civilpowker.de\/index.php?rest_route=%2Fwp%2Fv2%2Fmedia&parent=168"}],"curies":[{"name":"wp","href":"https:\/\/api.w.org\/{rel}","templated":true}]}}