{"id":192,"date":"2015-07-08T14:58:14","date_gmt":"2015-07-08T14:58:14","guid":{"rendered":"http:\/\/neu.civilpowker.de\/?page_id=192"},"modified":"2015-07-08T14:58:14","modified_gmt":"2015-07-08T14:58:14","slug":"aufbau-eines-vereins-der-spenden-fuer-die-notleidende-bevoelkerung-sammelt","status":"publish","type":"page","link":"https:\/\/www.civilpowker.de\/?page_id=192","title":{"rendered":"Aufbau eines Vereins, der Spenden f\u00fcr die notleidende Bev\u00f6lkerung sammelt"},"content":{"rendered":"<p>Als Humanit\u00e4re Hilfe bezeichnet man Ma\u00dfnahmen zum Schutz und zur Versorgung von Menschen in<br \/>\neiner humanit\u00e4ren Notlage, die \u00fcber eine Erstversorgung hinausgehen. Die Vereinten Nationen versuchen mit bestimmten Unterorganisationen wie dem UNHCR*, UNICEF* oder dem UNCDF*die Bestrebungen der Hilfsorganisationen zu koordinieren und auch teilweise zu finanzieren. Die Europ\u00e4ische Union leistet \u00fcber ihr Amt f\u00fcr humanit\u00e4re Hilfe (ECHO) wesentliche Beitr\u00e4ge. Die amerikanische Beh\u00f6rde USAID, die dem Au\u00dfenministerium unterstellt ist, leistet seit 1961 humanit\u00e4re Hilfe im Ausland.<br \/>\nReligionsgemeinschaften haben eigene \u201eHilfswerke\u201c, wie Misereor, Brot f\u00fcr die Welt, usw. eingerichtet,<br \/>\ndie sich jedoch nur noch zum Teil mit akuter Hilfe besch\u00e4ftigen. Die Hilfswerke heute achten<br \/>\nauf \u201enachhaltige\u201c Projekte und Unterst\u00fctzungen.<\/p>\n<ul>\n<li>UNHCR: Hochkommiss\u00e4r der Vereinten Nationen f\u00fcr Fl\u00fcchtlinge, englisch United Nations<br \/>\nHigh Commissioner for Refugees, UNHCR)<\/li>\n<li>UNICEF: Kinderhilfswerk der Vereinten Nationen (englisch urspr\u00fcnglich United Nations International Children\u2019s Emergency Fund,<\/li>\n<li>UNCDF: Kapitalentwicklungsfonds der Vereinten Nationen (UNCDF) (engl.: United Nations<br \/>\nCapital Development Fund)<\/li>\n<\/ul>\n","protected":false},"excerpt":{"rendered":"<p>Als Humanit\u00e4re Hilfe bezeichnet man Ma\u00dfnahmen zum Schutz und zur Versorgung von Menschen in einer humanit\u00e4ren Notlage, die \u00fcber eine Erstversorgung hinausgehen. Die Vereinten Nationen versuchen mit bestimmten Unterorganisationen wie dem UNHCR*, UNICEF* oder dem UNCDF*die Bestrebungen der &hellip; <\/p>\n<div class=\"more-link-wrapper\"><a href=\"https:\/\/www.civilpowker.de\/?page_id=192\" class=\"more-link\">Continue reading<span class=\"screen-reader-text\"> &#8222;Aufbau eines Vereins, der Spenden f\u00fcr die notleidende Bev\u00f6lkerung sammelt&#8220;<\/span><\/a><\/div>\n","protected":false},"author":1,"featured_media":0,"parent":89,"menu_order":0,"comment_status":"closed","ping_status":"open","template":"","meta":{"footnotes":""},"class_list":["post-192","page","type-page","status-publish","hentry"],"_links":{"self":[{"href":"https:\/\/www.civilpowker.de\/index.php?rest_route=\/wp\/v2\/pages\/192","targetHints":{"allow":["GET"]}}],"collection":[{"href":"https:\/\/www.civilpowker.de\/index.php?rest_route=\/wp\/v2\/pages"}],"about":[{"href":"https:\/\/www.civilpowker.de\/index.php?rest_route=\/wp\/v2\/types\/page"}],"author":[{"embeddable":true,"href":"https:\/\/www.civilpowker.de\/index.php?rest_route=\/wp\/v2\/users\/1"}],"replies":[{"embeddable":true,"href":"https:\/\/www.civilpowker.de\/index.php?rest_route=%2Fwp%2Fv2%2Fcomments&post=192"}],"version-history":[{"count":1,"href":"https:\/\/www.civilpowker.de\/index.php?rest_route=\/wp\/v2\/pages\/192\/revisions"}],"predecessor-version":[{"id":193,"href":"https:\/\/www.civilpowker.de\/index.php?rest_route=\/wp\/v2\/pages\/192\/revisions\/193"}],"up":[{"embeddable":true,"href":"https:\/\/www.civilpowker.de\/index.php?rest_route=\/wp\/v2\/pages\/89"}],"wp:attachment":[{"href":"https:\/\/www.civilpowker.de\/index.php?rest_route=%2Fwp%2Fv2%2Fmedia&parent=192"}],"curies":[{"name":"wp","href":"https:\/\/api.w.org\/{rel}","templated":true}]}}