{"id":196,"date":"2015-07-08T15:02:36","date_gmt":"2015-07-08T15:02:36","guid":{"rendered":"http:\/\/neu.civilpowker.de\/?page_id=196"},"modified":"2015-07-08T15:02:36","modified_gmt":"2015-07-08T15:02:36","slug":"ruhe-bewahren-und-abwarten","status":"publish","type":"page","link":"https:\/\/www.civilpowker.de\/?page_id=196","title":{"rendered":"Ruhe bewahren und abwarten"},"content":{"rendered":"<p>Wie in vielen anderen Krisen von Schwellenl\u00e4ndern haben internationale Unterst\u00fctzungen nichts bewirkt. Sie haben oft den Konflikt nur versch\u00e4rft. Es ist besser abzuwarten, was sich die Regierung des Landes \u00fcberlegt, um mit der eigenen Krise fertig zu werden. Europa braucht jetzt keinen weiteren Konfliktherd.<br \/>\nVertiefung: Die International Herald Tribune berichtet: &#8222;Europ\u00e4ische und arabische Regierungen wie auch Generalsekret\u00e4r xxxx von den Vereinten Nationen und xxxxx, der au\u00dfenpolitische Sprecher der Europ\u00e4ischen Union, hatten ebenfalls stark auf einen sofortigen Waffenstillstand gedr\u00e4ngt, standen aber auf verlorenem Posten, sobald die US Au\u00dfenministerin sich einschaltete. yyy blieb bei ihrer Haltung, dass zuerst Zustimmung zu einem &#8218;dauerhaften Frieden&#8216; vorhanden sein m\u00fcsse, ehe man die Parteien dazu aufrufen k\u00f6nne, die K\u00e4mpfe einzustellen.&#8220; Von der RedaktionWSWS.org vom 28. Juli 2006, aus dem Englischen (27. Juli 2006)<\/p>\n","protected":false},"excerpt":{"rendered":"<p>Wie in vielen anderen Krisen von Schwellenl\u00e4ndern haben internationale Unterst\u00fctzungen nichts bewirkt. Sie haben oft den Konflikt nur versch\u00e4rft. Es ist besser abzuwarten, was sich die Regierung des Landes \u00fcberlegt, um mit der eigenen Krise fertig zu werden. &hellip; <\/p>\n<div class=\"more-link-wrapper\"><a href=\"https:\/\/www.civilpowker.de\/?page_id=196\" class=\"more-link\">Continue reading<span class=\"screen-reader-text\"> &#8222;Ruhe bewahren und abwarten&#8220;<\/span><\/a><\/div>\n","protected":false},"author":1,"featured_media":0,"parent":89,"menu_order":0,"comment_status":"closed","ping_status":"open","template":"","meta":{"footnotes":""},"class_list":["post-196","page","type-page","status-publish","hentry"],"_links":{"self":[{"href":"https:\/\/www.civilpowker.de\/index.php?rest_route=\/wp\/v2\/pages\/196","targetHints":{"allow":["GET"]}}],"collection":[{"href":"https:\/\/www.civilpowker.de\/index.php?rest_route=\/wp\/v2\/pages"}],"about":[{"href":"https:\/\/www.civilpowker.de\/index.php?rest_route=\/wp\/v2\/types\/page"}],"author":[{"embeddable":true,"href":"https:\/\/www.civilpowker.de\/index.php?rest_route=\/wp\/v2\/users\/1"}],"replies":[{"embeddable":true,"href":"https:\/\/www.civilpowker.de\/index.php?rest_route=%2Fwp%2Fv2%2Fcomments&post=196"}],"version-history":[{"count":1,"href":"https:\/\/www.civilpowker.de\/index.php?rest_route=\/wp\/v2\/pages\/196\/revisions"}],"predecessor-version":[{"id":197,"href":"https:\/\/www.civilpowker.de\/index.php?rest_route=\/wp\/v2\/pages\/196\/revisions\/197"}],"up":[{"embeddable":true,"href":"https:\/\/www.civilpowker.de\/index.php?rest_route=\/wp\/v2\/pages\/89"}],"wp:attachment":[{"href":"https:\/\/www.civilpowker.de\/index.php?rest_route=%2Fwp%2Fv2%2Fmedia&parent=196"}],"curies":[{"name":"wp","href":"https:\/\/api.w.org\/{rel}","templated":true}]}}