{"id":204,"date":"2015-07-08T15:11:16","date_gmt":"2015-07-08T15:11:16","guid":{"rendered":"http:\/\/neu.civilpowker.de\/?page_id=204"},"modified":"2015-07-08T15:11:16","modified_gmt":"2015-07-08T15:11:16","slug":"forderung-verschaerfung-des-asylrechtes","status":"publish","type":"page","link":"https:\/\/www.civilpowker.de\/?page_id=204","title":{"rendered":"Forderung: Versch\u00e4rfung des Asylrechtes"},"content":{"rendered":"<p>\u201eEine gute und vern\u00fcnftige Einwanderungspolitik muss zum Ziel haben, dass keine Kampfgruppen am<br \/>\nrechten Rand entstehen. [&#8230;] Der soziale Frieden d\u00fcrfe nicht gef\u00e4hrdet werden. Es n\u00fctze nichts, wenn<br \/>\nman die ganze Welt umarme, dabei aber die eigenen B\u00fcrger aus den Augen verliere\u201c so der CSUPolitiker<br \/>\nHans-Peter Uhl. Weiter meint er, dass die Einzelfallpr\u00fcfung von Asylantr\u00e4gen ein bew\u00e4hrtes Prinzip sei. F\u00fcr Kriegs- und B\u00fcrgerkriegsfl\u00fcchtlinge gebe es subsidi\u00e4re Schutzm\u00f6glichkeiten. Die Antwort auf weltweite Missst\u00e4nde k\u00f6nne jedoch nicht lauten, Macht hoch die T\u00fcr, die Tor macht weit\u2019. Eine vern\u00fcnftige Asylpolitik d\u00fcrfe keine falschen Anreize f\u00fcr Armutsmigration setzen. Generell d\u00fcrfe Zuwanderung nicht die Integrationsf\u00e4higkeit der aufnehmenden Gesellschaft und den sozialen Frieden<br \/>\ngef\u00e4hrden. aus: Die Zeit 17.1.2012<\/p>\n<h5>Mehr Information:<\/h5>\n<p><a href=\"http:\/\/www.proasyl.de\/de\/news\/detail\/news\/gesetzentwurf_zum_bleiberecht_wie_der_bundesinnenminister_das_asylrechts_durch_die_hintertuer_versc\/\">http:\/\/www.proasyl.de\/de\/news\/detail\/news\/gesetzentwurf_zum_bleiberecht_wie_der_bundesinnenminister_das_asylrechts_durch_die_hintertuer_versc\/<\/a><a href=\"http:\/\/aufenthaltsprobleme.wordpress.com\/2014\/05\/20\/verscharfung-des-asylrechts-teil-2\/\">http:\/\/aufenthaltsprobleme.wordpress.com\/2014\/05\/20\/verscharfung-des-asylrechts-teil-2\/<\/a><\/p>\n<p><a href=\"http:\/\/www.dw.de\/bundestag-beschlie%C3%9Ft-versch%C3%A4rfung-des-asylrechts-und-den-doppelpass\/a-17757139\">http:\/\/www.dw.de\/bundestag-beschlie%C3%9Ft-versch%C3%A4rfung-des-asylrechts-und-den-doppelpass\/a-17757139<\/a><\/p>\n","protected":false},"excerpt":{"rendered":"<p>\u201eEine gute und vern\u00fcnftige Einwanderungspolitik muss zum Ziel haben, dass keine Kampfgruppen am rechten Rand entstehen. [&#8230;] Der soziale Frieden d\u00fcrfe nicht gef\u00e4hrdet werden. Es n\u00fctze nichts, wenn man die ganze Welt umarme, dabei aber die eigenen B\u00fcrger &hellip; <\/p>\n<div class=\"more-link-wrapper\"><a href=\"https:\/\/www.civilpowker.de\/?page_id=204\" class=\"more-link\">Continue reading<span class=\"screen-reader-text\"> &#8222;Forderung: Versch\u00e4rfung des Asylrechtes&#8220;<\/span><\/a><\/div>\n","protected":false},"author":1,"featured_media":0,"parent":89,"menu_order":0,"comment_status":"closed","ping_status":"open","template":"","meta":{"footnotes":""},"class_list":["post-204","page","type-page","status-publish","hentry"],"_links":{"self":[{"href":"https:\/\/www.civilpowker.de\/index.php?rest_route=\/wp\/v2\/pages\/204","targetHints":{"allow":["GET"]}}],"collection":[{"href":"https:\/\/www.civilpowker.de\/index.php?rest_route=\/wp\/v2\/pages"}],"about":[{"href":"https:\/\/www.civilpowker.de\/index.php?rest_route=\/wp\/v2\/types\/page"}],"author":[{"embeddable":true,"href":"https:\/\/www.civilpowker.de\/index.php?rest_route=\/wp\/v2\/users\/1"}],"replies":[{"embeddable":true,"href":"https:\/\/www.civilpowker.de\/index.php?rest_route=%2Fwp%2Fv2%2Fcomments&post=204"}],"version-history":[{"count":1,"href":"https:\/\/www.civilpowker.de\/index.php?rest_route=\/wp\/v2\/pages\/204\/revisions"}],"predecessor-version":[{"id":205,"href":"https:\/\/www.civilpowker.de\/index.php?rest_route=\/wp\/v2\/pages\/204\/revisions\/205"}],"up":[{"embeddable":true,"href":"https:\/\/www.civilpowker.de\/index.php?rest_route=\/wp\/v2\/pages\/89"}],"wp:attachment":[{"href":"https:\/\/www.civilpowker.de\/index.php?rest_route=%2Fwp%2Fv2%2Fmedia&parent=204"}],"curies":[{"name":"wp","href":"https:\/\/api.w.org\/{rel}","templated":true}]}}