{"id":351,"date":"2015-12-04T11:51:04","date_gmt":"2015-12-04T11:51:04","guid":{"rendered":"http:\/\/www.civilpowker.de\/?page_id=351"},"modified":"2025-02-25T14:51:44","modified_gmt":"2025-02-25T14:51:44","slug":"neu-das-brettspiel-civilworld","status":"publish","type":"page","link":"https:\/\/www.civilpowker.de\/?page_id=351","title":{"rendered":"Aktuelles"},"content":{"rendered":"\n<p>Es gibt ein neues Spiel zur innergesellschaftlichen Konfliktbearbeitung. <strong><a href=\"https:\/\/krisenfest.org\/\">KrisenFest<\/a><\/strong><\/p>\n\n\n\n<p><\/p>\n\n\n\n<h2 class=\"wp-block-heading\">Neue Schulung zur Spielleiter*in<\/h2>\n\n\n\n<p>am<strong> 16.-17.Mai 2025<\/strong> findet in N\u00fcrnberg eine Schulung statt. <a href=\"http:\/\/www.civilpowker.de\/wp-content\/uploads\/2025\/02\/CP_Schulung_2025.pdf\">Mehr findet ihr hier<\/a><a href=\"http:\/\/www.civilpowker.de\/wp-content\/uploads\/2023\/09\/Civilpowker23-1.pdf\">!<\/a><\/p>\n\n\n\n<hr class=\"wp-block-separator has-alpha-channel-opacity\"\/>\n\n\n\n<h2 class=\"wp-block-heading\">Civil Powker ist auch online zur Verf\u00fcgung<\/h2>\n\n\n\n<p>Wir haben nun schon lange nichts mehr an der Homepage gemacht. Sorry. Das Spiel ist jetzt online verf\u00fcgbar. Viele unserer Trainer*innen k\u00f6nnen es auch online durchf\u00fchren. Einfach nachfragen. <\/p>\n\n\n\n<p><\/p>\n\n\n<hr \/>\n<h5 style=\"text-align: right;\">17.1.2022<\/h5>\n<h5>Civil Powker &#8211; online<\/h5>\n<p>Wir sind momentan am herumt\u00fcfteln, wie wir das Spiel auch online umsetzen k\u00f6nnen. Diese Version wird etwas vereinfachter sein, doch bis Anfang Februar zur Verf\u00fcgung stehen.<\/p>\n<hr \/>\n<h5 style=\"text-align: right;\">17.1.2022<\/h5>\n<h5>Civil Powker Begleitheft f\u00fcr Teilnehmende<\/h5>\n<p>Anfang Februar wird ebenfalls das CP-Begleitheft zur Verf\u00fcgung stehen.<\/p>\n<p>Es ist noch in der grafischen Bearbeitung.<\/p>\n<hr \/>\n<p style=\"text-align: right;\">17.1.2022<\/p>\n<h5>Civil Powker upgrade<\/h5>\n<p>Im Herbst 2021 wurden die Filme aktualisiert. Ebenfalls wurden einzelne Abl\u00e4ufe verbessert. Einige Karten wurden ebenfalls erneuert. Das Spiel ist auf dem aktuellen Stand. Dazu gab es eine Spielleiterschulung in Hanover.<\/p>\n<p>Eine weitere Spielleiterschulung findet vom 18.-19.2.22 in N\u00fcrnberg oder online statt. Die Wahrscheinlichkeit ist die Onlineversion, da sich die Pandemieentwicklung nicht verbessern wird. Die Ausschreibung ist hier: <a href=\"http:\/\/www.civilpowker.de\/wp-content\/uploads\/2022\/01\/CP_Schulung_Feb2022.pdf\">Ausschreibung PDF<\/a><\/p>\n<hr \/>\n<p>Eine weitere Spielleiterausbildung findet mit den Falken in Bielefeld statt.<\/p>\n<p>Termin: 11.-12.3.2022<\/p>\n<hr \/>\n<p><strong><span style=\"color: #008000;\">Eine Welt Tage<\/span> in Augsburg (19. und 20.07.2019)<\/strong><\/p>\n<p>Auf den Eine Welt Tagen in Augsburg waren wir mit unseren Angeboten in dem Bereich politische Bildung vertreten:<strong><span style=\"color: #ff0000;\"> C<\/span><span style=\"color: #0000ff;\">i<\/span><span style=\"color: #008000;\">v<span style=\"color: #ff0000;\">i<\/span><\/span><span style=\"color: #ff6600;\">l<\/span> <span style=\"color: #ff0000;\">Pow<\/span><span style=\"color: #ff6600;\">ker<\/span><\/strong>, <strong><span style=\"color: #ff0000;\">C<\/span><span style=\"color: #0000ff;\">i<\/span><span style=\"color: #008000;\">v<\/span><span style=\"color: #ff0000;\">i<span style=\"color: #ff6600;\">l<\/span><\/span> <span style=\"color: #008000;\">World<\/span><\/strong> und die<strong><span style=\"color: #800080;\"> Integrationsmatrix<\/span><\/strong>.<br \/>\nEs waren spannende zwei Tage voller interessierter Sch\u00fclerInnen und LehrerInnen von Fair-Trade Schulen, aktiven Mitarbeitern der Eine-Welt-L\u00e4den und weiteren engagierten Menschen.<br \/>\nZu Gast waren unter anderem <strong>Frau Dr. B\u00e4rbel Kofler<\/strong> MdB (SPD, Menschenrechtsbeauftragte der Bundesregierung) und <strong>Herr Hep Monatzeder<\/strong> MdL (entwicklungspolitischer Sprecher der Fraktion B\u00fcndnis 90 \/ Die Gr\u00fcnen im Bayerischen Landtag)<\/p>\n<p><strong><span style=\"color: #008000;\"><a href=\"http:\/\/www.civilpowker.de\/wp-content\/uploads\/2019\/07\/Eine-Welt-Tage.jpg\"><img loading=\"lazy\" decoding=\"async\" class=\"alignnone  wp-image-467\" src=\"http:\/\/www.civilpowker.de\/wp-content\/uploads\/2019\/07\/Eine-Welt-Tage-300x200.jpg\" alt=\"\" width=\"272\" height=\"181\" srcset=\"https:\/\/www.civilpowker.de\/wp-content\/uploads\/2019\/07\/Eine-Welt-Tage-300x200.jpg 300w, https:\/\/www.civilpowker.de\/wp-content\/uploads\/2019\/07\/Eine-Welt-Tage-768x512.jpg 768w, https:\/\/www.civilpowker.de\/wp-content\/uploads\/2019\/07\/Eine-Welt-Tage.jpg 800w\" sizes=\"auto, (max-width: 272px) 100vw, 272px\" \/>\u00a0<\/a><a href=\"http:\/\/www.civilpowker.de\/wp-content\/uploads\/2019\/07\/Eine-Welt-Tage-1.jpg\"><img loading=\"lazy\" decoding=\"async\" class=\"alignnone size-medium wp-image-468\" src=\"http:\/\/www.civilpowker.de\/wp-content\/uploads\/2019\/07\/Eine-Welt-Tage-1-300x143.jpg\" alt=\"\" width=\"300\" height=\"143\" srcset=\"https:\/\/www.civilpowker.de\/wp-content\/uploads\/2019\/07\/Eine-Welt-Tage-1-300x143.jpg 300w, https:\/\/www.civilpowker.de\/wp-content\/uploads\/2019\/07\/Eine-Welt-Tage-1-768x366.jpg 768w, https:\/\/www.civilpowker.de\/wp-content\/uploads\/2019\/07\/Eine-Welt-Tage-1.jpg 960w\" sizes=\"auto, (max-width: 300px) 100vw, 300px\" \/><\/a><\/span><\/strong><\/p>\n<p><strong><span style=\"color: #008000;\"><a href=\"http:\/\/www.civilpowker.de\/wp-content\/uploads\/2019\/07\/Eine-Welt-Tage-3.jpg\"><img loading=\"lazy\" decoding=\"async\" class=\"alignnone  wp-image-470\" src=\"http:\/\/www.civilpowker.de\/wp-content\/uploads\/2019\/07\/Eine-Welt-Tage-3-300x143.jpg\" alt=\"\" width=\"235\" height=\"112\" srcset=\"https:\/\/www.civilpowker.de\/wp-content\/uploads\/2019\/07\/Eine-Welt-Tage-3-300x143.jpg 300w, https:\/\/www.civilpowker.de\/wp-content\/uploads\/2019\/07\/Eine-Welt-Tage-3-768x366.jpg 768w, https:\/\/www.civilpowker.de\/wp-content\/uploads\/2019\/07\/Eine-Welt-Tage-3.jpg 960w\" sizes=\"auto, (max-width: 235px) 100vw, 235px\" \/><\/a><a href=\"http:\/\/www.civilpowker.de\/wp-content\/uploads\/2019\/07\/Eine-Welt-Tage-2.jpg\"><img loading=\"lazy\" decoding=\"async\" class=\"alignnone  wp-image-469\" src=\"http:\/\/www.civilpowker.de\/wp-content\/uploads\/2019\/07\/Eine-Welt-Tage-2-300x143.jpg\" alt=\"\" width=\"233\" height=\"111\" srcset=\"https:\/\/www.civilpowker.de\/wp-content\/uploads\/2019\/07\/Eine-Welt-Tage-2-300x143.jpg 300w, https:\/\/www.civilpowker.de\/wp-content\/uploads\/2019\/07\/Eine-Welt-Tage-2-768x366.jpg 768w, https:\/\/www.civilpowker.de\/wp-content\/uploads\/2019\/07\/Eine-Welt-Tage-2.jpg 960w\" sizes=\"auto, (max-width: 233px) 100vw, 233px\" \/><\/a><\/span><\/strong><\/p>\n<p><strong><span style=\"color: #008000;\"><a href=\"http:\/\/www.civilpowker.de\/wp-content\/uploads\/2019\/07\/Eine-Welt-Tage-4.jpg\"><img loading=\"lazy\" decoding=\"async\" class=\"alignnone size-medium wp-image-471\" src=\"http:\/\/www.civilpowker.de\/wp-content\/uploads\/2019\/07\/Eine-Welt-Tage-4-300x143.jpg\" alt=\"\" width=\"300\" height=\"143\" srcset=\"https:\/\/www.civilpowker.de\/wp-content\/uploads\/2019\/07\/Eine-Welt-Tage-4-300x143.jpg 300w, https:\/\/www.civilpowker.de\/wp-content\/uploads\/2019\/07\/Eine-Welt-Tage-4-768x366.jpg 768w, https:\/\/www.civilpowker.de\/wp-content\/uploads\/2019\/07\/Eine-Welt-Tage-4.jpg 960w\" sizes=\"auto, (max-width: 300px) 100vw, 300px\" \/><\/a><\/span><\/strong><\/p>\n<hr \/>\n<p><strong><span style=\"color: #ff0000;\">C<\/span><span style=\"color: #0000ff;\">i<\/span><span style=\"color: #00ff00;\">v<\/span><span style=\"color: #ff0000;\">i<\/span><span style=\"color: #ff6600;\">l<\/span> <span style=\"color: #ff0000;\">Pow<\/span><span style=\"color: #ff6600;\">ker<\/span> in Deggendorf am Comenius Gymnasium\u00a0<\/strong><\/p>\n<p>Ein Bericht:<\/p>\n<p><a href=\"https:\/\/comenius-deg.de\/spielen-im-sozialkundeunterricht-am-comenius-gymnasium-das-lernspiel-civil-powker\/\">https:\/\/comenius-deg.de\/spielen-im-sozialkundeunterricht-am-comenius-gymnasium-das-lernspiel-civil-powker\/<\/a><\/p>\n<hr \/>\n<h4 align=\"JUSTIFY\"><strong><span style=\"color: #ff0000;\">C<\/span><span style=\"color: #00ffff;\">i<\/span><span style=\"color: #00ff00;\">v<\/span><span style=\"color: #ff0000;\">i<\/span><span style=\"color: #ff6600;\">l<\/span> <span style=\"color: #ff0000;\">Pow<\/span><span style=\"color: #ff6600;\">ker<\/span> MultiplikatorInnenschulung<br \/>\n<\/strong>01-02. November 2019 in Halle<\/h4>\n<p>Die Teilnehmenden der zweit\u00e4gigen MultiplikatorInnen-Schulung lernen das Planspiel Civil Powker am ersten Tag durch aktives Durchspielen kennen und reflektieren am zweiten Tag inhaltliche, methodische, didaktische und organisatorische Anforderungen f\u00fcr die eigene Umsetzung an Schulen.<\/p>\n<p>Anmeldungen bitte an:\u00a0<a class=\"mailto-link\" href=\"mailto:marcus.stueckroth@friedenskreis-halle.de\" target=\"_blank\" rel=\"noopener noreferrer\">marcus.stueckroth@friedenskreis-halle.de<\/a><\/p>\n<hr \/>\n<h4 align=\"JUSTIFY\"><strong><span style=\"color: #ff0000;\">C<\/span><span style=\"color: #00ffff;\">i<\/span><span style=\"color: #00ff00;\">v<\/span><span style=\"color: #ff0000;\">i<\/span><span style=\"color: #ff6600;\">l<\/span> <span style=\"color: #ff0000;\">Pow<\/span><span style=\"color: #ff6600;\">ker<\/span> MultiplikatorInnenschulung<br \/>\n<\/strong>21-22. Februar 2020 in N\u00fcrnberg<\/h4>\n<p>Die Teilnehmenden der zweit\u00e4gigen MultiplikatorInnen-Schulung lernen das Planspiel Civil Powker am ersten Tag durch aktives Durchspielen kennen und reflektieren am zweiten Tag inhaltliche, methodische, didaktische und organisatorische Anforderungen f\u00fcr die eigene Umsetzung an Schulen.<\/p>\n<p>Anmeldungen bitte an: <a href=\"mailto:info@civilpowker.de\">info@civilpowker.de\u00a0<\/a><\/p>\n<hr \/>\n<h3><span style=\"color: #ff0000;\">C<\/span><span style=\"color: #0000ff;\">i<\/span><span style=\"color: #00ff00;\">v<\/span><span style=\"color: #ff0000;\">i<\/span><span style=\"color: #ff6600;\">l<\/span> <span style=\"color: #ff0000;\">Pow<\/span><span style=\"color: #ff6600;\">ker<\/span> jetzt im Loccumer Pelikan 4\/2018<\/h3>\n<p>Ein Bericht von Karl-Heinz Bittl \u00fcber das Planspiel in der Zeitschrift des Religionsp\u00e4dagogischen Instituts Loccum.<\/p>\n<h4 align=\"JUSTIFY\"><strong><span style=\"color: #ff0000;\"><a href=\"http:\/\/www.civilpowker.de\/wp-content\/uploads\/2019\/01\/Artikel-KH-in-Pelikan-2018-001.jpg\"><img loading=\"lazy\" decoding=\"async\" class=\"alignnone size-medium wp-image-452\" src=\"http:\/\/www.civilpowker.de\/wp-content\/uploads\/2019\/01\/Artikel-KH-in-Pelikan-2018-001-212x300.jpg\" alt=\"\" width=\"212\" height=\"300\" srcset=\"https:\/\/www.civilpowker.de\/wp-content\/uploads\/2019\/01\/Artikel-KH-in-Pelikan-2018-001-212x300.jpg 212w, https:\/\/www.civilpowker.de\/wp-content\/uploads\/2019\/01\/Artikel-KH-in-Pelikan-2018-001-768x1086.jpg 768w, https:\/\/www.civilpowker.de\/wp-content\/uploads\/2019\/01\/Artikel-KH-in-Pelikan-2018-001-724x1024.jpg 724w, https:\/\/www.civilpowker.de\/wp-content\/uploads\/2019\/01\/Artikel-KH-in-Pelikan-2018-001.jpg 1240w\" sizes=\"auto, (max-width: 212px) 100vw, 212px\" \/><\/a>\u00a0 \u00a0 \u00a0<\/span><\/strong><strong><span style=\"color: #ff0000;\"><a href=\"http:\/\/www.civilpowker.de\/wp-content\/uploads\/2019\/01\/Artikel-KH-in-Pelikan-2018-002.jpg\"><img loading=\"lazy\" decoding=\"async\" class=\"size-medium wp-image-453 alignright\" src=\"http:\/\/www.civilpowker.de\/wp-content\/uploads\/2019\/01\/Artikel-KH-in-Pelikan-2018-002-212x300.jpg\" alt=\"\" width=\"212\" height=\"300\" srcset=\"https:\/\/www.civilpowker.de\/wp-content\/uploads\/2019\/01\/Artikel-KH-in-Pelikan-2018-002-212x300.jpg 212w, https:\/\/www.civilpowker.de\/wp-content\/uploads\/2019\/01\/Artikel-KH-in-Pelikan-2018-002-768x1086.jpg 768w, https:\/\/www.civilpowker.de\/wp-content\/uploads\/2019\/01\/Artikel-KH-in-Pelikan-2018-002-724x1024.jpg 724w, https:\/\/www.civilpowker.de\/wp-content\/uploads\/2019\/01\/Artikel-KH-in-Pelikan-2018-002.jpg 1240w\" sizes=\"auto, (max-width: 212px) 100vw, 212px\" \/><\/a><\/span><\/strong><\/h4>\n<h4 align=\"JUSTIFY\"><strong><span style=\"color: #ff0000;\"><a href=\"http:\/\/www.civilpowker.de\/wp-content\/uploads\/2019\/01\/Artikel-KH-in-Pelikan-2018-003.jpg\"><img loading=\"lazy\" decoding=\"async\" class=\"alignnone size-medium wp-image-454\" src=\"http:\/\/www.civilpowker.de\/wp-content\/uploads\/2019\/01\/Artikel-KH-in-Pelikan-2018-003-212x300.jpg\" alt=\"\" width=\"212\" height=\"300\" srcset=\"https:\/\/www.civilpowker.de\/wp-content\/uploads\/2019\/01\/Artikel-KH-in-Pelikan-2018-003-212x300.jpg 212w, https:\/\/www.civilpowker.de\/wp-content\/uploads\/2019\/01\/Artikel-KH-in-Pelikan-2018-003-768x1086.jpg 768w, https:\/\/www.civilpowker.de\/wp-content\/uploads\/2019\/01\/Artikel-KH-in-Pelikan-2018-003-724x1024.jpg 724w, https:\/\/www.civilpowker.de\/wp-content\/uploads\/2019\/01\/Artikel-KH-in-Pelikan-2018-003.jpg 1240w\" sizes=\"auto, (max-width: 212px) 100vw, 212px\" \/><\/a><\/span><\/strong><\/h4>\n<hr \/>\n<p align=\"JUSTIFY\"><strong><span style=\"color: #f00000;\"><span style=\"font-family: Tahoma,serif;\"><span style=\"font-size: large;\">C<\/span><\/span><\/span><span style=\"color: #00b0f0;\"><span style=\"font-family: Tahoma,serif;\"><span style=\"font-size: large;\">i<\/span><\/span><\/span><span style=\"color: #00b050;\"><span style=\"font-family: Tahoma,serif;\"><span style=\"font-size: large;\">v<\/span><\/span><\/span><span style=\"color: #f00000;\"><span style=\"font-family: Tahoma,serif;\"><span style=\"font-size: large;\">i<\/span><\/span><\/span><span style=\"color: #e36c09;\"><span style=\"font-family: Tahoma,serif;\"><span style=\"font-size: large;\">l <\/span><\/span><\/span><span style=\"color: #009900;\"><span style=\"font-family: Tahoma,serif;\"><span style=\"font-size: large;\">World<\/span><\/span><\/span><span style=\"font-family: Verdana,serif;\"><span style=\"font-size: small;\"><a href=\"http:\/\/www.civilpowker.de\/wp-content\/uploads\/2015\/12\/CW-Spielbrett.jpg\"><img loading=\"lazy\" decoding=\"async\" class=\"size-medium wp-image-353 alignright\" src=\"http:\/\/www.civilpowker.de\/wp-content\/uploads\/2015\/12\/CW-Spielbrett-300x169.jpg\" alt=\"CW Spielbrett\" width=\"300\" height=\"169\" srcset=\"https:\/\/www.civilpowker.de\/wp-content\/uploads\/2015\/12\/CW-Spielbrett-300x169.jpg 300w, https:\/\/www.civilpowker.de\/wp-content\/uploads\/2015\/12\/CW-Spielbrett.jpg 595w\" sizes=\"auto, (max-width: 300px) 100vw, 300px\" \/><\/a><\/span><\/span><\/strong><\/p>\n<p align=\"JUSTIFY\"><span style=\"font-family: Verdana,serif;\"><span style=\"font-size: small;\">Wir in Deutschland und die Welt<\/span><\/span><\/p>\n<p align=\"JUSTIFY\"><span style=\"font-family: Verdana,serif;\"><span style=\"font-size: small;\"><i><b>Was k\u00f6nnen wir tun, wenn schon wieder eine Unterkunft von Fl\u00fcchtenden aus Kriegsgebieten in Flammen aufgeht? Welche M\u00f6glichkeiten haben wir, wenn die B\u00fcrgerkriege in Zentralafrika wieder aufflammen? Wie k\u00f6nnen wir etwas gegen die Versklavung von thail\u00e4ndischen Fischern unternehmen? Was hat die Klimakatastrophe mit unserem Autoh\u00e4ndler zu tun? <\/b><\/i><\/span><\/span><\/p>\n<p align=\"JUSTIFY\"><span style=\"font-family: Verdana,serif;\"><span style=\"font-size: small;\">Die Schwierigkeiten der Welt, die uns in Europa oft so weit weg scheinen, betreffen uns doch. Sie tauchen in der Stadt auf dem Spielbrett von <\/span><\/span><span style=\"color: #f00000;\"><span style=\"font-family: Tahoma,serif;\"><span style=\"font-size: small;\"><b>C<\/b><\/span><\/span><\/span><span style=\"color: #00b0f0;\"><span style=\"font-family: Tahoma,serif;\"><span style=\"font-size: small;\"><b>i<\/b><\/span><\/span><\/span><span style=\"color: #00b050;\"><span style=\"font-family: Tahoma,serif;\"><span style=\"font-size: small;\"><b>v<\/b><\/span><\/span><\/span><span style=\"color: #f00000;\"><span style=\"font-family: Tahoma,serif;\"><span style=\"font-size: small;\"><b>i<\/b><\/span><\/span><\/span><span style=\"color: #e36c09;\"><span style=\"font-family: Tahoma,serif;\"><span style=\"font-size: small;\"><b>l <\/b><\/span><\/span><\/span><span style=\"color: #009900;\"><span style=\"font-family: Tahoma,serif;\"><span style=\"font-size: small;\"><b>World <\/b><\/span><\/span><\/span><span style=\"font-family: Verdana,serif;\"><span style=\"font-size: small;\">auf. Doch es gibt in dieser kleinen Stadt Menschen, die etwas gegen die gro\u00dfen Probleme der Welt unternehmen wollen. Sie entdecken in dem Spiel, wie wirkungsvoll kleine Schritte eigentlich sein k\u00f6nnen. Das Katzenfutter FELIX von Nestle, das mit Fischen angereichert ist, die von Unternehmen stammen, die mit Sklavenfischern zusammen arbeiten, kann man z.B. einfach boykottieren. <\/span><\/span><\/p>\n<p align=\"JUSTIFY\"><span style=\"font-family: Verdana,serif;\"><span style=\"font-size: small;\">Die Spieler bei <\/span><\/span><span style=\"color: #f00000;\"><span style=\"font-family: Tahoma,serif;\"><span style=\"font-size: small;\"><b>C<\/b><\/span><\/span><\/span><span style=\"color: #00b0f0;\"><span style=\"font-family: Tahoma,serif;\"><span style=\"font-size: small;\"><b>i<\/b><\/span><\/span><\/span><span style=\"color: #00b050;\"><span style=\"font-family: Tahoma,serif;\"><span style=\"font-size: small;\"><b>v<\/b><\/span><\/span><\/span><span style=\"color: #f00000;\"><span style=\"font-family: Tahoma,serif;\"><span style=\"font-size: small;\"><b>i<\/b><\/span><\/span><\/span><span style=\"color: #e36c09;\"><span style=\"font-family: Tahoma,serif;\"><span style=\"font-size: small;\"><b>l <\/b><\/span><\/span><\/span><span style=\"color: #009900;\"><span style=\"font-family: Tahoma,serif;\"><span style=\"font-size: small;\"><b>World <\/b><\/span><\/span><\/span><span style=\"font-family: Verdana,serif;\"><span style=\"font-size: small;\">orientieren sich an den verfassten Werten und entdecken, dass manches Mal auch eine Gesellschaft leicht \u00fcberfordert sein kann, wenn zu sie viele Probleme zu lange vor sich herschiebt und pl\u00f6tzlich Menschen aus den Kriegsgebieten kommen, von denen wir seit Jahren wissen. Aber sie k\u00f6nnen auch erleben, dass<\/span><\/span><span style=\"font-family: Verdana,serif;\"><span style=\"font-size: small;\"> sie es schaffen, Problem<\/span><\/span><span style=\"font-family: Verdana,serif;\"><span style=\"font-size: small;\">e mit einfachen Mitteln zu lindern. Es braucht nur etwas Zivilcourage und Zusammenarbeit mit anderen.\u00a0<\/span><\/span><\/p>\n<p align=\"JUSTIFY\"><span style=\"color: #f00000;\"><span style=\"font-family: Tahoma,serif;\"><span style=\"font-size: small;\"><b>C<\/b><\/span><\/span><\/span><span style=\"color: #00b0f0;\"><span style=\"font-family: Tahoma,serif;\"><span style=\"font-size: small;\"><b>i<\/b><\/span><\/span><\/span><span style=\"color: #00b050;\"><span style=\"font-family: Tahoma,serif;\"><span style=\"font-size: small;\"><b>v<\/b><\/span><\/span><\/span><span style=\"color: #f00000;\"><span style=\"font-family: Tahoma,serif;\"><span style=\"font-size: small;\"><b>i<\/b><\/span><\/span><\/span><span style=\"color: #e36c09;\"><span style=\"font-family: Tahoma,serif;\"><span style=\"font-size: small;\"><b>l <\/b><\/span><\/span><\/span><span style=\"color: #009900;\"><span style=\"font-family: Tahoma,serif;\"><span style=\"font-size: small;\"><b>World <\/b><\/span><\/span><\/span><span style=\"font-family: Verdana,serif;\"><span style=\"font-size: small;\">ist ein spannendes Spiel f\u00fcr Jugendliche ab 13 Jahren und Erwachsene bis 99 Jahre. Es eignet sich f\u00fcr Schulklassen und Konfirmationsgruppen<span style=\"font-family: Verdana,serif;\"><span style=\"font-size: small;\"> zur Vor- und Nachbereitung<\/span><\/span>, wenn Themen wie soziale Gerechtigkeit, Werte oder internationale Politik auf dem Plan stehen. Das Spiel kann mit kleinen Gruppen gespielt werden. Es kann auch in Klassen eingesetzt werden. Dann werden mehrere Spiele als Wettbewerb gespielt.<\/span><\/span><\/p>\n<p align=\"JUSTIFY\"><span style=\"font-family: Verdana,serif;\"><span style=\"font-size: small;\">Dazu gibt es eine Begleitmappe in der einzelne Themen vertieft werden. <\/span><\/span><\/p>\n<p align=\"JUSTIFY\"><span style=\"font-family: Verdana,serif;\"><span style=\"font-size: small;\">Das Spiel hat nun seine erste Entwicklungsphase durchlaufen und wird bis zum Fr\u00fchjahr 2016 fertig gestellt werden. <\/span><\/span><\/p>\n<p align=\"JUSTIFY\"><span style=\"font-family: Verdana,serif;\"><span style=\"font-size: xx-small;\">Autor des Spiels: Karl-Heinz Bittl<\/span><\/span><\/p>\n<p align=\"JUSTIFY\"><span style=\"font-family: Verdana,serif;\"><span style=\"font-size: xx-small;\">\u00a9 Fr\u00e4nkisches Bildungswerk f\u00fcr Friedensarbeit e.V.<\/span><\/span><\/p>\n<p align=\"JUSTIFY\"><span style=\"font-family: Verdana,serif;\"><span style=\"font-size: xx-small;\">In Kooperation mit EICCC, Friedenskreis Halle e.V., Internationaler Vers\u00f6hnungsbund e.V.<\/span><\/span><\/p>\n<p align=\"JUSTIFY\"><span style=\"font-family: Verdana,serif;\"><span style=\"font-size: xx-small;\">Gef\u00f6rdert von ENGAGEME<\/span><\/span><span style=\"font-family: Verdana,serif;\"><span style=\"font-size: xx-small;\">NT GLOBAL im Auftrag des BMZ, dem Friedenspolitischen Fonds der AGDF e.V., Oikokredit F\u00f6rderkreis Bayern e.V.<\/span><\/span><\/p>\n<p align=\"JUSTIFY\"><a href=\"http:\/\/www.civilpowker.de\/wp-content\/uploads\/2015\/12\/logo-agdf.jpg\"><img loading=\"lazy\" decoding=\"async\" class=\"size-full wp-image-354 alignnone\" src=\"http:\/\/www.civilpowker.de\/wp-content\/uploads\/2015\/12\/logo-agdf.jpg\" alt=\"logo agdf\" width=\"36\" height=\"90\" \/><\/a><span style=\"font-family: Verdana,serif;\"><span style=\"font-size: xx-small;\"><a href=\"http:\/\/www.civilpowker.de\/wp-content\/uploads\/2015\/12\/BuMi.jpg\"><img loading=\"lazy\" decoding=\"async\" class=\"wp-image-352 alignnone\" src=\"http:\/\/www.civilpowker.de\/wp-content\/uploads\/2015\/12\/BuMi-300x135.jpg\" alt=\"BuMi\" width=\"189\" height=\"85\" srcset=\"https:\/\/www.civilpowker.de\/wp-content\/uploads\/2015\/12\/BuMi-300x135.jpg 300w, https:\/\/www.civilpowker.de\/wp-content\/uploads\/2015\/12\/BuMi-1024x459.jpg 1024w, https:\/\/www.civilpowker.de\/wp-content\/uploads\/2015\/12\/BuMi.jpg 1859w\" sizes=\"auto, (max-width: 189px) 100vw, 189px\" \/><\/a><\/span><\/span><a href=\"http:\/\/www.civilpowker.de\/wp-content\/uploads\/2015\/12\/Logo_oiko_cr.jpg\"><img loading=\"lazy\" decoding=\"async\" class=\"wp-image-355 alignnone\" src=\"http:\/\/www.civilpowker.de\/wp-content\/uploads\/2015\/12\/Logo_oiko_cr.jpg\" alt=\"Logo_oiko_cr\" width=\"140\" height=\"83\" \/><\/a><\/p>\n<p align=\"JUSTIFY\">","protected":false},"excerpt":{"rendered":"<p>Es gibt ein neues Spiel zur innergesellschaftlichen Konfliktbearbeitung. KrisenFest Neue Schulung zur Spielleiter*in am 16.-17.Mai 2025 findet in N\u00fcrnberg eine Schulung statt. Mehr findet ihr hier! Civil Powker ist auch online zur Verf\u00fcgung Wir haben nun schon lange &hellip; <\/p>\n<div class=\"more-link-wrapper\"><a href=\"https:\/\/www.civilpowker.de\/?page_id=351\" class=\"more-link\">Continue reading<span class=\"screen-reader-text\"> &#8222;Aktuelles&#8220;<\/span><\/a><\/div>\n","protected":false},"author":1,"featured_media":0,"parent":0,"menu_order":0,"comment_status":"closed","ping_status":"closed","template":"","meta":{"footnotes":""},"class_list":["post-351","page","type-page","status-publish","hentry"],"_links":{"self":[{"href":"https:\/\/www.civilpowker.de\/index.php?rest_route=\/wp\/v2\/pages\/351","targetHints":{"allow":["GET"]}}],"collection":[{"href":"https:\/\/www.civilpowker.de\/index.php?rest_route=\/wp\/v2\/pages"}],"about":[{"href":"https:\/\/www.civilpowker.de\/index.php?rest_route=\/wp\/v2\/types\/page"}],"author":[{"embeddable":true,"href":"https:\/\/www.civilpowker.de\/index.php?rest_route=\/wp\/v2\/users\/1"}],"replies":[{"embeddable":true,"href":"https:\/\/www.civilpowker.de\/index.php?rest_route=%2Fwp%2Fv2%2Fcomments&post=351"}],"version-history":[{"count":20,"href":"https:\/\/www.civilpowker.de\/index.php?rest_route=\/wp\/v2\/pages\/351\/revisions"}],"predecessor-version":[{"id":511,"href":"https:\/\/www.civilpowker.de\/index.php?rest_route=\/wp\/v2\/pages\/351\/revisions\/511"}],"wp:attachment":[{"href":"https:\/\/www.civilpowker.de\/index.php?rest_route=%2Fwp%2Fv2%2Fmedia&parent=351"}],"curies":[{"name":"wp","href":"https:\/\/api.w.org\/{rel}","templated":true}]}}