{"id":96,"date":"2015-07-08T13:09:28","date_gmt":"2015-07-08T13:09:28","guid":{"rendered":"http:\/\/neu.civilpowker.de\/?page_id=96"},"modified":"2015-07-08T13:09:28","modified_gmt":"2015-07-08T13:09:28","slug":"wirtschafts-politik-gipfel-zum-konflikt-einberufen","status":"publish","type":"page","link":"https:\/\/www.civilpowker.de\/?page_id=96","title":{"rendered":"Wirtschafts-Politik-Gipfel zum Konflikt einberufen"},"content":{"rendered":"<p>Da der Konflikt die wirtschaftlichen Beziehungen mit Unternehmen im Land gef\u00e4hrdet, besteht nicht nur bei einigen Unternehmen, sondern auch in der Politik Interesse an einer Konfliktbearbeitung. Ziel des Gipfels sollte sein, das Engagement der Regierung zur zivilen Konfliktbew\u00e4ltigung zu erh\u00f6hen. Notfalls kann die Wirtschaft damit drohen, ihre Regierungsunterst\u00fctzung bei anderen wichtigen innenpolitischen Entscheidungen abzusagen.<\/p>\n<h5>\nMehr Information:<\/h5>\n<p><a href=\"http:\/\/de.wikipedia.org\/wiki\/Endgame_(Film)\">http:\/\/de.wikipedia.org\/wiki\/Endgame_(Film)<\/a><br \/>\n<a href=\"http:\/\/www.weforum.org\/\">http:\/\/www.weforum.org\/<\/a><br \/>\n<a href=\"http:\/\/russland-wirtschaft.com\/2013\/06\/20\/deutsch-russischer-wirtschaftsgipfel-in-st-petersburg\/\">http:\/\/russland-wirtschaft.com\/2013\/06\/20\/deutsch-russischer-wirtschaftsgipfel-in-st-petersburg\/<\/a><\/p>\n","protected":false},"excerpt":{"rendered":"<p>Da der Konflikt die wirtschaftlichen Beziehungen mit Unternehmen im Land gef\u00e4hrdet, besteht nicht nur bei einigen Unternehmen, sondern auch in der Politik Interesse an einer Konfliktbearbeitung. Ziel des Gipfels sollte sein, das Engagement der Regierung zur zivilen Konfliktbew\u00e4ltigung &hellip; <\/p>\n<div class=\"more-link-wrapper\"><a href=\"https:\/\/www.civilpowker.de\/?page_id=96\" class=\"more-link\">Continue reading<span class=\"screen-reader-text\"> &#8222;Wirtschafts-Politik-Gipfel zum Konflikt einberufen&#8220;<\/span><\/a><\/div>\n","protected":false},"author":1,"featured_media":0,"parent":73,"menu_order":0,"comment_status":"closed","ping_status":"open","template":"","meta":{"footnotes":""},"class_list":["post-96","page","type-page","status-publish","hentry"],"_links":{"self":[{"href":"https:\/\/www.civilpowker.de\/index.php?rest_route=\/wp\/v2\/pages\/96","targetHints":{"allow":["GET"]}}],"collection":[{"href":"https:\/\/www.civilpowker.de\/index.php?rest_route=\/wp\/v2\/pages"}],"about":[{"href":"https:\/\/www.civilpowker.de\/index.php?rest_route=\/wp\/v2\/types\/page"}],"author":[{"embeddable":true,"href":"https:\/\/www.civilpowker.de\/index.php?rest_route=\/wp\/v2\/users\/1"}],"replies":[{"embeddable":true,"href":"https:\/\/www.civilpowker.de\/index.php?rest_route=%2Fwp%2Fv2%2Fcomments&post=96"}],"version-history":[{"count":1,"href":"https:\/\/www.civilpowker.de\/index.php?rest_route=\/wp\/v2\/pages\/96\/revisions"}],"predecessor-version":[{"id":97,"href":"https:\/\/www.civilpowker.de\/index.php?rest_route=\/wp\/v2\/pages\/96\/revisions\/97"}],"up":[{"embeddable":true,"href":"https:\/\/www.civilpowker.de\/index.php?rest_route=\/wp\/v2\/pages\/73"}],"wp:attachment":[{"href":"https:\/\/www.civilpowker.de\/index.php?rest_route=%2Fwp%2Fv2%2Fmedia&parent=96"}],"curies":[{"name":"wp","href":"https:\/\/api.w.org\/{rel}","templated":true}]}}